3?
6403
Calculate the remainder when 4396700 is divided by 16591.
85
What is the remainder when 10017257 is divided by 521?
511
What is the remainder when 80073 is divided by 79932?
141
What is the remainder when 128372 is divided by 1365?
62
What is the remainder when 70879 is divided by 171?
85
Calculate the remainder when 81165896 is divided by 4896.
8
What is the remainder when 62130 is divided by 2956?
54
What is the remainder when 138962071 is divided by 1898?
1
Calculate the remainder when 1360761 is divided by 680371.
19
Calculate the remainder when 46177 is divided by 5273.
3993
Calculate the remainder when 227516 is divided by 32487.
107
Calculate the remainder when 246620 is divided by 61650.
20
Calculate the remainder when 7187067 is divided by 2395683.
18
What is the remainder when 2805450 is divided by 1266?
1260
Calculate the remainder when 33653495 is divided by 263.
15
What is the remainder when 36019 is divided by 1941?
1081
Calculate the remainder when 1032190 is divided by 384.
382
What is the remainder when 1531884 is divided by 2451?
9
What is the remainder when 6915217 is divided by 160?
17
Calculate the remainder when 2090834 is divided by 779.
777
What is the remainder when 2848424 is divided by 731?
448
What is the remainder when 434014 is divided by 434003?
11
What is the remainder when 2063971 is divided by 206390?
71
Calculate the remainder when 3503668 is divided by 713.
699
Calculate the remainder when 1079289 is divided by 67455.
9
Calculate the remainder when 1121872 is divided by 598.
24
Calculate the remainder when 1375197 is divided by 102.
33
What is the remainder when 33762628 is divided by 655?
653
Calculate the remainder when 195096597 is divided by 118.
117
What is the remainder when 12124878 is divided by 69?
60
What is the remainder when 17493551 is divided by 11?
9
Calculate the remainder when 180731 is divided by 30041.
485
What is the remainder when 1009865 is divided by 18701?
11
What is the remainder when 213608 is divided by 15253?
66
Calculate the remainder when 313111 is divided by 303.
112
What is the remainder when 959344 is divided by 191778?
454
What is the remainder when 429706 is divided by 3005?
2996
What is the remainder when 587644 is divided by 1933?
12
Calculate the remainder when 19230556 is divided by 264.
4
What is the remainder when 6120064 is divided by 169999?
100
Calculate the remainder when 3030211 is divided by 75755.
11
What is the remainder when 92008222 is divided by 144?
142
What is the remainder when 7023564 is divided by 1755890?
4
Calculate the remainder when 28814084 is divided by 90.
44
Calculate the remainder when 8917992 is divided by 25.
17
Calculate the remainder when 1572607 is divided by 26.
23
What is the remainder when 117712 is divided by 19607?
70
What is the remainder when 795019 is divided by 829?
8
Calculate the remainder when 20114085 is divided by 12.
9
Calculate the remainder when 635895 is divided by 635743.
152
Calculate the remainder when 1191321 is divided by 80.
41
Calculate the remainder when 273349 is divided by 1099.
797
What is the remainder when 187897 is divided by 219?
214
What is the remainder when 1959411 is divided by 40821?
3
Calculate the remainder when 2765522 is divided by 26.
6
Calculate the remainder when 423945 is divided by 13672.
113
What is the remainder when 7471525 is divided by 7647?
406
Calculate the remainder when 4015909 is divided by 1338623.
40
What is the remainder when 352829220 is divided by 6122?
6116
Calculate the remainder when 1715683 is divided by 671.
607
What is the remainder when 366201 is divided by 539?
220
What is the remainder when 749803 is divided by 4335?
4183
What is the remainder when 2184476 is divided by 2561?
2504
Calculate the remainder when 14042829 is divided by 739096.
5
Calculate the remainder when 692050 is divided by 23023.
1360
What is the remainder when 3607992 is divided by 262?
252
Calculate the remainder when 242525652 is divided by 4029.
4026
What is the remainder when 113398434 is divided by 10438?
2
Calculate the remainder when 27752 is divided by 12898.
1956
What is the remainder when 24684845 is divided by 1542800?
45
What is the remainder when 13110894 is divided by 650?
394
What is the remainder when 226173 is divided by 4?
1
Calculate the remainder when 136527 is divided by 43960.
4647
Calculate the remainder when 5245386 is divided by 1453.
56
What is the remainder when 28415 is divided by 6966?
551
Calculate the remainder when 665052 is divided by 303.
270
Calculate the remainder when 129788 is divided by 483.
344
What is the remainder when 753172 is divided by 376079?
1014
Calculate the remainder when 23676 is divided by 4732.
16
Calculate the remainder when 7029 is divided by 2918.
1193
What is the remainder when 309645 is divided by 77409?
9
Calculate the remainder when 22996 is divided by 750.
496
Calculate the remainder when 1266979 is divided by 383.
15
Calculate the remainder when 3669254 is divided by 674.
672
What is the remainder when 152831 is divided by 869?
756
Calculate the remainder when 28366199 is divided by 10.
9
What is the remainder when 4029337 is divided by 10?
7
Calculate the remainder when 150785245 is divided by 4103.
4098
Calculate the remainder when 24142650 is divided by 2985.
2955
Calculate the remainder when 21019 is divided by 17163.
3856
Calculate the remainder when 319320 is divided by 12770.
70
Calculate the remainder when 13655229 is divided by 1145.
1104
What is the remainder when 175208 is divided by 3677?
2389
What is the remainder when 835497 is divided by 1648?
1609
What is the remainder when 20014996 is divided by 1539611?
53
Calculate the remainder when 2797740 is divided by 502.
94
What is the remainder when 89391643 is divided by 5762?
5737
Calculate the remainder when 21524964 is divided by 1036.
1028
What is the remainder when 31202029 is divided by 46?
45
Calculate the remainder when 18037 is divided by 1353.
448
What is the remainder when 6011 is divided by 31?
28
Calculate the remainder when 1010714 is divided by 9.
5
What is the remainder when 17587 is divided by 1919?
316
Calculate the remainder when 2454445 is divided by 28.
21
What is the remainder when 166380 is divided by 83050?
280
What is the remainder when 5376064 is divided by 12?
4
What is the remainder when 544077 is divided by 3579?
69
Calculate the remainder when 4498060 is divided by 899608.
20
What is the remainder when 871065 is divided by 290355?
0
Calculate the remainder when 1594138 is divided by 826.
784
What is the remainder when 44999 is divided by 8611?
1944
Calculate the remainder when 202293 is divided by 25270.
133
What is the remainder when 43457320 is divided by 338?
322
What is the remainder when 49062 is divided by 1112?
134
What is the remainder when 21094 is divided by 2359?
2222
Calculate the remainder when 137508 is divided by 5782.
4522
What is the remainder when 33685035 is divided by 127?
63
What is the remainder when 28386 is divided by 1593?
1305
Calculate the remainder when 1817521 is divided by 20891.
4
What is the remainder when 396363 is divided by 16434?
1947
Calculate the remainder when 2853434 is divided by 94.
64
What is the remainder when 27667075 is divided by 43?
15
What is the remainder when 8363862 is divided by 4157?
4135
Calculate the remainder when 548749 is divided by 173.
166
Calculate the remainder when 13502053 is divided by 43000.
53
Calculate the remainder when 96586904 is divided by 4044.
8
Calculate the remainder when 47351177 is divided by 2416.
2409
What is the remainder when 1932522 is divided by 483128?
10
Calculate the remainder when 6810007 is divided by 1134996.
31
Calculate the remainder when 601112 is divided by 200362.
26
Calculate the remainder when 1141632 is divided by 23297.
79
Calculate the remainder when 19063569 is divided by 3058.
3055
Calculate the remainder when 34780941 is divided by 418.
415
Calculate the remainder when 41170371 is divided by 2762.
2761
What is the remainder when 118498 is divided by 29497?
510
Calculate the remainder when 164064 is divided by 1608.
48
What is the remainder when 41567236 is divided by 327301?
9
What is the remainder when 58791902 is divided by 8331?
35